e 9.
-300
What is 0 (base 10) in base 5?
0
What is 6 (base 11) in base 9?
6
Convert -3 (base 5) to base 12.
-3
Convert -22 (base 11) to base 12.
-20
What is 102 (base 6) in base 2?
100110
What is 50 (base 6) in base 12?
26
What is 1000 (base 2) in base 12?
8
222 (base 5) to base 9
68
What is 5 (base 7) in base 15?
5
What is 10 (base 11) in base 13?
b
What is 0 (base 12) in base 7?
0
-10 (base 2) to base 16
-2
10 (base 4) to base 3
11
What is -3 (base 5) in base 14?
-3
What is 43 (base 7) in base 13?
25
What is b5 (base 12) in base 9?
162
-3302 (base 4) to base 7
-464
Convert -302 (base 4) to base 2.
-110010
What is -110 (base 9) in base 14?
-66
-4 (base 14) to base 16
-4
Convert 2111 (base 4) to base 6.
405
What is 2 (base 3) in base 12?
2
Convert 0 (base 4) to base 8.
0
Convert -15 (base 11) to base 10.
-16
What is 0 (base 4) in base 6?
0
-2 (base 15) to base 6
-2
Convert -28 (base 16) to base 14.
-2c
What is 114 (base 13) in base 8?
272
Convert -2a (base 11) to base 16.
-20
Convert 55 (base 6) to base 4.
203
What is -100 (base 7) in base 6?
-121
1002 (base 3) to base 9
32
Convert b (base 14) to base 11.
10
Convert -35 (base 14) to base 16.
-2f
21 (base 3) to base 15
7
20 (base 4) to base 12
8
Convert -14 (base 5) to base 6.
-13
What is 108 (base 16) in base 7?
525
-3 (base 4) to base 5
-3
Convert -15 (base 13) to base 6.
-30
What is -54 (base 15) in base 12?
-67
What is -1 (base 3) in base 6?
-1
Convert -20 (base 7) to base 15.
-e
-1 (base 8) to base 15
-1
What is 1200 (base 5) in base 16?
af
What is -3a (base 11) in base 16?
-2b
What is 15 (base 12) in base 5?
32
What is -60 (base 7) in base 9?
-46
Convert 101101 (base 2) to base 12.
39
-1 (base 5) to base 4
-1
What is 78 (base 14) in base 5?
411
Convert -122 (base 12) to base 10.
-170
1 (base 13) to base 4
1
-124 (base 7) to base 13
-52
What is -33 (base 12) in base 3?
-1110
Convert 5 (base 14) to base 9.
5
Convert -10 (base 2) to base 14.
-2
What is -34 (base 5) in base 9?
-21
Convert -13 (base 4) to base 16.
-7
What is 8 (base 13) in base 2?
1000
Convert -21 (base 7) to base 5.
-30
-14 (base 13) to base 8
-21
Convert 60 (base 12) to base 3.
2200
-10c (base 13) to base 11
-155
Convert 14 (base 11) to base 16.
f
Convert b (base 15) to base 5.
21
What is -310 (base 5) in base 12?
-68
1100 (base 2) to base 10
12
-20 (base 3) to base 4
-12
5 (base 15) to base 13
5
Convert -4 (base 13) to base 14.
-4
Convert 4 (base 5) to base 13.
4
Convert 8 (base 15) to base 7.
11
Convert 1 (base 10) to base 4.
1
Convert 11 (base 2) to base 5.
3
Convert 40 (base 6) to base 9.
26
-1 (base 4) to base 7
-1
What is 45 (base 8) in base 12?
31
What is 15 (base 12) in base 14?
13
Convert 61 (base 13) to base 9.
87
-2 (base 14) to base 2
-10
Convert 11 (base 4) to base 6.
5
Convert -523 (base 6) to base 3.
-21020
2 (base 4) to base 11
2
8 (base 14) to base 9
8
8d (base 15) to base 11
111
0 (base 3) to base 5
0
0 (base 12) to base 8
0
-6 (base 12) to base 2
-110
81 (base 10) to base 3
10000
What is 1 (base 6) in base 8?
1
-37 (base 15) to base 12
-44
Convert -8e (base 15) to base 5.
-1014
What is -11001 (base 2) in base 5?
-100
Convert -10 (base 3) to base 5.
-3
-12 (base 6) to base 16
-8
What is 4 (base 13) in base 2?
100
What is 1 (base 16) in base 5?
1
Convert 1 (base 3) to base 6.
1
Convert -7 (base 13) to base 6.
-11
What is -1200 (base 4) in base 14?
-6c
What is 46 (base 15) in base 11?
60
16 (base 7) to base 14
d
Convert 12a (base 15) to base 10.
265
Convert 11100 (base 2) to base 7.
40
331 (base 4) to base 6
141
What is -6 (base 7) in base 2?
-110
What is 4 (base 6) in base 14?
4
-10 (base 5) to base 2
-101
Convert -402 (base 8) to base 15.
-123
60 (base 10) to base 9
66
What is -100 (base 2) in base 10?
-4
-d (base 16) to base 15
-d
1 (base 10) to base 14
1
What is 5 (base 12) in base 5?
10
What is 7 (base 14) in base 10?
7
-13 (base 11) to base 5
-24
Convert -8 (base 9) to base 12.
-8
What is -117 (base 9) in base 3?
-10121
-1 (base 8) to base 14
-1
5 (base 6) to base 15
5
Convert 22 (base 3) to base 14.
8
Convert 7 (base 10) to base 14.
7
Convert 8 (base 12) to base 6.
12
Convert 4 (base 8) to base 9.
4
Convert -25 (base 15) to base 11.
-32
Convert -72 (base 8) to base 10.
-58
What is 141 (base 6) in base 4?
331
Convert -11 (base 10) to base 11.
-10
What is 5 (base 11) in base 12?
5
Convert 1 (base 12) to base 15.
1
Convert 301 (base 4) to base 8.
61
-4 (base 10) to base 5
-4
What is -15 (base 6) in base 11?
-10
-4 (base 6) to base 13
-4
What is -1110100 (base 2) in base 11?
-a6
203 (base 5) to base 16
35
Convert -1 (base 6) to base 15.
-1
1110 (base 2) to base 6
22
What is -26 (base 14) in base 6?
-54
Convert 11 (base 6) to base 2.
111
What is 1 (base 11) in base 8?
1
Convert 1021 (base 4) to base 11.
67
What is 46 (base 14) in base 11?
57
Convert 8 (base 16) to base 15.
8
What is 75 (base 8) in base 5?
221
4 (base 11) to base 16
4
Convert 1 (base 8) to base 4.
1
-1221 (base 4) to base 12
-89
What is -1 (base 8) in base 3?
-1
6 (base 13) to base 9
6
Convert -24 (base 8) to base 4.
-110
What is -227 (base 8) in base 9?
-177
What is 3 (base 12) in base 11?
3
-b6 (base 16) to base 5
-1212
What is 15 (base 6) in base 16?
b
Convert 26 (base 16) to base 6.
102
What is -2 (base 14) in base 5?
-2
7 (base 12) to base 2
111
What is 21012 (base 3) in base 2?
11000010
1001111 (base 2) to base 11
72
-36 (base 8) to base 9
-33
What is -3 (base 14) in base 10?
-3
What is 1255 (base 6) in base 14?
191
-101120 (base 3) to base 13
-18c
What is 5 (base 13) in base 14?
5
101 (base 3) to base 15
a
Convert -101 (base 3) to base 10.
-10
2 (base 3) to base 4
2
-14 (base 14) to base 6
-30
10 (base 2) to base 8
2
-12 (base 14) to base 2
-10000
Convert -22 (base 5) to base 10.
-12
What is 31 (base 6) in base 9?
21
Convert 5 (base 9) to base 15.
5
What is 12 (base 4) in base 9?
6
Convert -32 (base 11) to base 9.
-38
-2 (base 8) to base 13
-2
5 (base 7) to base 8
5
Convert -34 (base 10) to base 14.
-26
Convert 237 (base 8) to base 12.
113
What is 113 (base 5) in base 11?
30
-18 (base 9) to base 2
-10001
Convert -2 (base 7) to base 4.
-2
21 (base 9) to base 5
34
121 (base 3) to base 4
100
Convert -2 (base 13) to base 12.
-2
Convert 1110 (base 3) to base 6.
103
What is -102 (base 4) in base 16?
-12
Convert -2 (base 12) to base 11.
-2
-4 (base 9) to base 5
-4
Convert -12 (base 6) to base 4.
-20
Convert -1213 (base 4) to base 14.
-75
Convert -4 (base 13) to base 8.
-4
What is 65 (base 9) in base 16?
3b
What is 55 (base 8) in base 6?
113
Convert 7 (base 16) to base 15.
7
Convert -4 (base 12) to base 7.
-4
Convert -100 (base 2) to base 7.
-4
What is -64 (base 14) in base 3?
-10021
What is 21 (base 11) in base 10?
23
What is -25 (base 6) in base 9?
-18
-11 (base 4) to base 11
-5
Convert -108 (base 12) to base 16.
-98
Convert 1111 (base 2) to base 6.
23
Convert -3 (base 9) to base 8.
-3
7 (base 11) to base 7
10
Convert 342 (base 9) to base 12.
1b5
-22 (base 3) to base 10
-8
-62 (base 9) to base 5
-211
1 (base 16) to base 14
1
0 (base 7) to base 6
0
Convert 9 (base 16) to base 5.
14
What is 2012 (base 3) in base 14?
43
What is 1 (base 7) in base 4?
1
Convert -216 (base 7) to base 4.
-1233
Convert 1 (base 5) to base 10.
1
-22 (base 11) to base 10
-24
Convert a (base 12) to base 9.
11
What is 10 (base 13) in base 14?
d
-1000 (base 3) to base 15
-1c
What is 10 (base 2) in base 5?
2
What is 7 (base 8) in base 4?
13
b6 (base 16) to base 9
222
-25 (base 14) to base 4
-201
Convert d (base 15) to base 7.
16
Convert 1001010 (base 2) to base 15.
4e
What is -24 (base 7) in base 11?
-17
Convert 3 (base 5) to base 2.
11
121 (base 6) to base 4
301
What is 49 (base 13) in base 3?
2021
Convert -4 (base 9) to base 7.
-4
Convert 3 (base 10) to base 13.
3
What is -53 (base 6) in base 15?
-23
a (base 12) to base 3
101
Convert 6 (base 13) to base 11.
6
10 (base 15) to base 8
17
-4 (base 14) to base 7
-4
What is -1102 (base 5) in base 16?
-98
10 (base 13) to base 11
12
Convert -b3 (base 14) to base 12.
-111
122 (base 7) to base 10
65
-50 (base 16) to base 10
-80
Convert -16 (base 10) to base 16.
-10
32 (base 7) to base 10
23
Convert -29 (base 11) to base 3.
-1011
Convert -117 (base 13) to base 8.
-275
What is 11 (base 10) in base 6?
15
1 (base 10) to base 9
1